e
Is 574067 composite?
True
Is 359897 a prime number?
True
Is 11549 a composite number?
False
Is 1471 prime?
True
Is 166219 a prime number?
True
Is 113 a prime number?
True
Is 233843 composite?
True
Is 9722 composite?
True
Is 28761 a composite number?
True
Is 237 a composite number?
True
Is 25385 a prime number?
False
Is 341183 a composite number?
True
Is 3551 a prime number?
False
Is 7243 a composite number?
False
Is 6211 composite?
False
Is 135461 a prime number?
True
Is 1537051 prime?
True
Is 196199 prime?
False
Is 5534 a prime number?
False
Is 61861 composite?
False
Is 362267 a composite number?
True
Is 748103 a prime number?
False
Is 27689 a prime number?
True
Is 6193 a prime number?
False
Is 633 prime?
False
Is 364103 a composite number?
False
Is 1465 a prime number?
False
Is 239653 prime?
False
Is 321163 prime?
True
Is 10265 prime?
False
Is 233393 a prime number?
False
Is 36599 a prime number?
True
Is 135077 prime?
True
Is 7726 composite?
True
Is 2972821 a prime number?
True
Is 164729 a composite number?
False
Is 26141 a composite number?
False
Is 22739 composite?
False
Is 1481 composite?
False
Is 247253 a prime number?
False
Is 497279 a composite number?
False
Is 11483 prime?
True
Is 40955 prime?
False
Is 521 a composite number?
False
Is 122363 prime?
True
Is 280961 a composite number?
True
Is 20173 composite?
False
Is 7237 composite?
False
Is 157793 a composite number?
False
Is 3152771 a composite number?
True
Is 251647 a prime number?
False
Is 209087 prime?
False
Is 1115801 a composite number?
True
Is 17669 prime?
True
Is 557873 prime?
False
Is 698921 a prime number?
False
Is 7807 prime?
False
Is 51055 prime?
False
Is 923563 a prime number?
False
Is 1382753 prime?
True
Is 477031 a composite number?
False
Is 38939 a composite number?
True
Is 10221 prime?
False
Is 1393841 a composite number?
True
Is 2393 composite?
False
Is 296197 composite?
True
Is 579701 composite?
False
Is 12893 prime?
True
Is 172847 a composite number?
True
Is 1393733 composite?
True
Is 49559 prime?
True
Is 145913 prime?
False
Is 35381 a composite number?
False
Is 179161 prime?
True
Is 35081 composite?
False
Is 174193 a prime number?
False
Is 737843 prime?
True
Is 31247 a composite number?
False
Is 65003 prime?
True
Is 16921 prime?
True
Is 459727 a composite number?
True
Is 39651 composite?
True
Is 127 a composite number?
False
Is 96121 composite?
True
Is 2271 a composite number?
True
Is 401279 composite?
False
Is 105649 composite?
False
Is 232699 a prime number?
True
Is 144659 a composite number?
False
Is 789511 a composite number?
False
Is 135055 composite?
True
Is 47837 a prime number?
True
Is 5413 prime?
True
Is 784463 prime?
True
Is 403258 a composite number?
True
Is 225427 a composite number?
False
Is 8197 a prime number?
False
Is 12055 a prime number?
False
Is 251 a prime number?
True
Is 18899 a composite number?
False
Is 195649 a composite number?
True
Is 62359 a prime number?
False
Is 128897 a composite number?
True
Is 5639 a composite number?
False
Is 102493 composite?
True
Is 10217 composite?
True
Is 49409 prime?
True
Is 29723 prime?
True
Is 17567 prime?
False
Is 321163 a prime number?
True
Is 449455 a prime number?
False
Is 10559 a prime number?
True
Is 5851 a composite number?
False
Is 1142423 a composite number?
False
Is 131849 prime?
True
Is 1891531 a prime number?
False
Is 120121 a prime number?
True
Is 6547 prime?
True
Is 234361 a composite number?
False
Is 50449 a prime number?
False
Is 11801 prime?
True
Is 59333 composite?
False
Is 204353 composite?
False
Is 25503 composite?
True
Is 10037 a prime number?
True
Is 146119 prime?
False
Is 23159 composite?
False
Is 152003 a prime number?
True
Is 15877 a composite number?
False
Is 1766327 a composite number?
False
Is 376491 prime?
False
Is 1597247 a prime number?
False
Is 565207 prime?
True
Is 81182 a prime number?
False
Is 497083 a composite number?
True
Is 26861 a prime number?
True
Is 187027 composite?
False
Is 365191 a composite number?
True
Is 1653167 composite?
False
Is 127 composite?
False
Is 443 composite?
False
Is 5557 a composite number?
False
Is 332219 composite?
False
Is 1046 prime?
False
Is 115043 a prime number?
False
Is 13829 a prime number?
True
Is 393401 a composite number?
False
Is 79889 prime?
True
Is 88463 a composite number?
False
Is 466 a composite number?
True
Is 83833 composite?
False
Is 9733 composite?
False
Is 125429 composite?
False
Is 289279 a composite number?
True
Is 6883 a prime number?
True
Is 56291 a prime number?
False
Is 6007 prime?
True
Is 1040579 a prime number?
True
Is 100693 a composite number?
False
Is 792359 composite?
False
Is 179651 composite?
False
Is 2255717 a composite number?
False
Is 10391 prime?
True
Is 23399 a composite number?
False
Is 20771 prime?
True
Is 963065 composite?
True
Is 328033 composite?
True
Is 135817 prime?
False
Is 175803 composite?
True
Is 17377 a composite number?
False
Is 9689 prime?
True
Is 32327 a composite number?
False
Is 573101 a composite number?
False
Is 9683 prime?
False
Is 109721 prime?
True
Is 14891 a composite number?
False
Is 36587 a prime number?
True
Is 85379 a prime number?
False
Is 5489 a prime number?
False
Is 334119 composite?
True
Is 2813 composite?
True
Is 41329 a prime number?
False
Is 1777 a composite number?
False
Is 5183 composite?
True
Is 247946 prime?
False
Is 1189 a prime number?
False
Is 495557 a composite number?
False
Is 890831 prime?
False
Is 76991 composite?
False
Is 318907 a composite number?
False
Is 641435 composite?
True
Is 435997 a prime number?
True
Is 19821 prime?
False
Is 1502813 a prime number?
False
Is 2173 a composite number?
True
Is 153539 a composite number?
True
Is 103123 composite?
False
Is 64939 prime?
False
Is 3877 composite?
False
Is 31241 composite?
True
Is 13523 composite?
False
Is 60355 prime?
False
Is 435089 a composite number?
True
Is 1165 composite?
True
Is 31907 composite?
False
Is 1168151 composite?
False
Is 218131 composite?
False
Is 215557 composite?
True
Is 41651 composite?
False
Is 449201 composite?
False
Is 23513 a prime number?
False
Is 37483 prime?
True
Is 53153 prime?
False
Is 2923 composite?
True
Is 949409 a prime number?
True
Is 93191 prime?
False
Is 92405 a composite number?
True
Is 136898 composite?
True
Is 95173 composite?
True
Is 3391 composite?
False
Is 24343 a composite number?
True
Is 275047 a prime number?
True
Is 7621 composite?
False
Is 31357 a prime number?
True
Is 900607 a prime number?
True
Is 120661 a composite number?
False
Is 596317 a composite number?
False
Is 82361 prime?
True
Is 163019 a composite number?
False
Is 313073 composite?
True
Is 14969 prime?
True
Is 735001 composite?
False
Is 363871 a prime number?
True
Is 409729 a composite number?
False
Is 16519 a composite number?
False
Is 7741 prime?
True
Is 975961 prime?
False
Is 902461 composite?
True
Is 14591 prime?
True
Is 46595 a composite number?
True
Is 257035 a composite number?
True
Is 386741 a prime number?
False
Is 85873 a prime number?
False
Is 1018291 composite?
False
Is 8143 prime?
False
Is 795719 composite?
True
Is 2789 a composite number?
False
Is 124489 prime?
True
Is 9233 prime?
False
Is 572669 prime?
False
Is 211955 a composite number?
True
Is 426677 a composite number?
True
Is 98751 prime?
False
Is 12869 composite?
True
Is 132155 a prime number?
False
Is 1291 prime?
True
Is 3601 a prime number?
False
Is 5147 a composite number?
False
Is 3967 a prime number?
True
Is 42209 a prime number?
True
Is 68993 prime?
True
Is 25391 a composite number?
False
Is 30449 a prime number?
True
Is 137981 a prime number?
False
Is 1545217 a prime number?
True
Is 7711 prime?
False
Is 4709 a prime number?
False
Is 505753 prime?
False
Is 3524947 prime?
True
Is 242081 a prime number?
False
Is 46887 composite?
True
Is 237743 prime?
False
Is 489 prime?
False
Is 162397 composite?
True
Is 14662 a prime number?
False
Is 33871 composite?
False
Is 22303 a composite number?
False
Is 100319 a composite number?
True
Is 172787 prime?
True
Is 82261 composite?
False
Is 4897 a prime number?
False
Is 24493 composite?
True
Is 554849 prime?
True
Is 2495 a composite number?
True
Is 3371 a prime number?
True
Is 209942 prime?
False
Is 24317 composite?
False
Is 16715 a composite number?
True
Is 475549 a prime number?
True